s digit of (-2)/w*-8*15?
2
What is the units digit of ((-6)/15)/(2/(-9115))?
3
Let w be 8/(-20)*(-100)/8. Suppose -110 = -7*o + w*o. What is the tens digit of o?
5
Suppose -4 = -4*l - 3*h - h, -2*l + h = 4. Let d be (19 - l)*18/(-24). What is the tens digit of ((-176)/24)/(2/d)?
5
Suppose -6*c + 0*c = -36. Let y(u) = -u + 17. Let m be y(c). Suppose -g + m + 60 = 3*p, 2*p = 2*g - 102. What is the units digit of g?
6
Let z(p) = p**3 + 3*p**2 - 8*p - 4. Let j(u) = -4*u + 3. Let i be j(2). Let o be z(i). What is the units digit of (80/(-56))/(2/o)?
0
Let k(t) = t**3 + 18*t**2 + 17*t - 73. What is the units digit of k(-15)?
7
Let g(j) = -j**2 - 4*j + 9. Let t be g(-4). Let i be 30/(-1) + (10 - t). Let k = -7 - i. What is the tens digit of k?
2
Suppose 0 = -16*c + 9*c + 98. Suppose 5869 = c*l + 2173. What is the hundreds digit of l?
2
Let x(u) = -u**2 + 4*u + 2. Let s be x(4). Let a = 990 - 458. What is the tens digit of (a/(-21))/(s/(-6))?
7
Let f(t) = 2*t - 11. Let o = 13 - -32. Suppose -4*j = i - o, -3*i - 20 = -3*j - i. What is the units digit of f(j)?
9
Let y = 29 - 24. Suppose 0 = -2*d + y*l + 93, 3*l + 162 = d + 2*d. What is the tens digit of d?
5
What is the hundreds digit of (-1366)/3*15/(-10)?
6
Let z = -2188 - -4663. What is the hundreds digit of z?
4
Let m(p) = -p**3 + 11*p**2 - 6*p - 4. Let r be m(8). Suppose 4*x - r = 2*x. What is the tens digit of x?
7
Suppose 4*k + 24 = 4*g, 3*g + 3*k = -2*g - 2. Let t be 89 - (12/(-3) + 3). Suppose -5*n = -g*n - t. What is the tens digit of n?
3
Suppose 3*n - 481 - 1484 = 0. What is the hundreds digit of n?
6
What is the thousands digit of (-14)/(-28)*(-2 - (2 - 3570))?
1
Suppose -933 = -5*k - 2*z - 197, 0 = 2*k - 2*z - 286. What is the tens digit of k?
4
Let p(c) = -10087*c. Let v(q) be the third derivative of 41*q**4/12 - 13*q**2. Let b(y) = -5*p(y) - 616*v(y). What is the units digit of b(-1)?
7
Suppose -g + 6 = g. Let y be -14 - (2 - 18/g). Let q = -6 - y. What is the units digit of q?
4
Let y(l) = 652*l - 812. What is the units digit of y(6)?
0
Suppose 4*p = -j + 19, j - p = -4*p + 15. Suppose -7*b = -4*b + j*d - 318, b - d = 106. What is the units digit of b?
6
Suppose -4*m = -3*s + 7*s + 8, 0 = -2*s + 5*m + 10. Suppose 2*l - 59 - 9 = s. What is the units digit of l?
4
Suppose 131*o - 130*o - 923 = 0. Suppose 0 = -3*z + o - 173. What is the units digit of z?
0
Let g be 4*(-15)/(-20) - 15/(-1). Suppose -4*u + 2 = 5*x - 6, u - 2 = 2*x. Suppose -3*c + g + 15 = x. What is the tens digit of c?
1
Let j = 131 + -126. Suppose j*y + 130 = 6*y. What is the hundreds digit of y?
1
Suppose -12*w + 16*w = 1300. What is the tens digit of w?
2
Let n = -232 - -351. Suppose 0 = f - n - 35. What is the units digit of f?
4
Suppose 30*s - 12*s - 3510 = 0. What is the units digit of s?
5
Let x be (-416)/(-6)*9/(-4). Let v = x - -225. What is the units digit of v?
9
Let m = -326 + 965. What is the tens digit of m?
3
Let n = -398 + 488. What is the tens digit of n?
9
Let c be 2 + -2 - 0/3. Suppose -2*u + c*u = m - 469, 2*u - 5*m = 451. What is the tens digit of u?
3
Suppose 5*y + 9 = -2*i - i, 3*i + 2*y = 0. Suppose i*w + 1458 = 11*w. What is the units digit of w?
2
Let h(f) = -f**3 - 5*f**2 + 3*f + 3. Let r = 11 - 11. Suppose r = -5*b - 5*y - 50, -3*b + 0*b + 2*y - 10 = 0. What is the tens digit of h(b)?
2
Let i be (-4)/(-10) - (-90)/25. Suppose -y = -5*a + 12, -i*y + 3*y = -3. Suppose -n = 5*p - 28, a*p + 3 - 24 = -2*n. What is the units digit of n?
3
Let n = 225 + -14. Let v = 391 - n. What is the units digit of v?
0
Let y = 120 + 687. What is the units digit of y?
7
Suppose 3*y + 16 = 4*y. Let d be 12/y*(9 + 3). Let f = d - -25. What is the tens digit of f?
3
Let m = -3 - 4. Let f = m + 8. Suppose 0 = -3*y - 2*i + 17, 0 = 2*y - 2*i - f - 17. What is the units digit of y?
7
Let v be 156/16 - 2/(-8). Let f be 77/5 - 4/v. What is the units digit of (f/(-6) + 2)*-26?
3
Let o = 12 - 6. Let x(d) = -d**3 + 7*d**2 - d - 6. Let z be x(o). Suppose -109 = -3*b + g, -2*b = -2*g - 94 + z. What is the units digit of b?
7
Suppose 0 = 2*z - 6*z - 212. Let n = z - -289. What is the tens digit of n?
3
Let f(n) = n**3 + 16*n**2 + n - 1. Let q be f(-16). Let c = 21 - q. What is the tens digit of c?
3
Let y(i) be the second derivative of i**5/20 - 3*i**4/4 + i**3 + i**2/2 - 2*i. Let k be y(5). What is the units digit of k/(2/(12/(-9)))?
6
Let i(f) = f**3 + 6*f**2 - 7*f - 3. Let q be i(-7). Let a be 30/9 - 2/q. Suppose a + 8 = 2*g. What is the units digit of g?
6
Let t(d) = -d**2 - 44*d + 117. What is the hundreds digit of t(-36)?
4
Let h = 98 + 207. What is the units digit of h?
5
What is the units digit of ((-333)/555)/((-1)/2285)?
1
Let a be 2 - 3/(3/4). Let u be (a/4)/(1/52). What is the units digit of 3 + 1 - 3 - u?
7
Let g be -3 - 17/((-51)/(-90)). Let d = 84 + g. What is the tens digit of d?
5
Let q = 8 - -2. Suppose 0*v = v - 3*p - q, 4*v + p = 79. What is the units digit of v?
9
Let f = 114 + -88. Suppose f = y - 5*a - 23, -3*a - 63 = -2*y. What is the tens digit of y?
2
Suppose 5*u = 2835 + 815. Let d = u + -296. Suppose -119 + d = 7*s. What is the tens digit of s?
4
Suppose -657 = -z + 4*r, 16*z + 5*r + 1943 = 19*z. What is the hundreds digit of z?
6
Let t(f) = 24 - f - 26 + 113*f. What is the units digit of t(1)?
0
Suppose p - 185 = 272. Let s = -307 + p. What is the tens digit of s/9*3 + 2?
5
Let z(h) = -63*h - 252. What is the units digit of z(-25)?
3
Suppose -w + 4 = w. Suppose -4 = -w*s - q, -q - 9 = -s - 5*q. Let k(i) = 10*i**3 + 2*i**2 - i. What is the tens digit of k(s)?
1
Suppose -17*z + 6960 = -12*z + 5*p, -3*z + 3*p + 4194 = 0. What is the hundreds digit of z?
3
Let r(h) = 201*h**2 - 2*h + 10. Let d be r(2). What is the units digit of (-20)/80 + d/8?
1
Let n = -388 + 2219. What is the hundreds digit of n?
8
Suppose -4*h + 6 + 6 = 0. Suppose 146 = h*t + t - 2*u, -4*t = 5*u - 153. What is the units digit of t?
7
Let r(x) = -x**2 - 10*x - 13. Let c be r(-2). Suppose c*i + 217 = 4*i. What is the units digit of i?
7
Let s = 1460 + -967. What is the tens digit of s?
9
Let a(z) = z**3 + 2*z**2 - 3*z - 2. Let g(f) = -2*f. Let h be g(1). Let y be a(h). Suppose -6*i + 95 = y*l - i, -3*i - 11 = -l. What is the tens digit of l?
2
Suppose -r + 3 + 8 = -5*s, 0 = -3*s - 3. What is the units digit of r?
6
Suppose 0 = -5*g + 2*a + 878, -2*g + a = -524 + 173. Let o = 345 - g. What is the tens digit of o?
6
Let g be 6/3 + -13 + 0. Let f(h) be the second derivative of h**5/20 + 5*h**4/6 - 7*h**3/3 + 4*h**2 - h. What is the units digit of f(g)?
1
Suppose -4*h = -4, -4*m + 3*m - 3*h = -14. Suppose 4*w + m = 59. What is the units digit of (-30)/w*3*-4?
0
Let x = 488 - 119. What is the hundreds digit of x?
3
Let n(p) = 5*p + 4. Let s be n(0). Suppose 3*f = -3*w + 333, -s*w - 6*f + 449 = -f. What is the units digit of w?
6
Let j(q) = -73*q - 1. Let a be j(-1). Suppose 0 = -3*k - 0*k - l + 11, -2*l + 8 = -k. Suppose -z + a = k*z. What is the tens digit of z?
2
Let n be -14*(0 - 2/4). Suppose -4*w = n - 27. Suppose -m + 2*z + 21 = 3, w*m + 2*z - 114 = 0. What is the units digit of m?
2
Let c(w) = -104*w + 40. What is the units digit of c(-7)?
8
Let x = -49 - -26. Let f = x - -36. What is the units digit of f?
3
Suppose -5*z + 9416 = -34*w + 35*w, -2*w - 9413 = -5*z. What is the thousands digit of z?
1
What is the tens digit of 16 - (5 + 23)/7?
1
Let q = 1120 + -451. What is the units digit of q?
9
What is the units digit of (-298 - -2)/((-20)/350)?
0
Suppose 20*t - 17*t - 2214 = 0. What is the tens digit of t?
3
Let t be (-15 - -16)/(2/(-306)). Let w = t + 229. What is the tens digit of w?
7
Let b(a) = -a**3 - a**2 - a + 4. Let c be b(0). Suppose 0 = -c*k + 33 - 29. What is the units digit of (-6)/(-4)*(23 - k)?
3
Let q(b) = -4*b + 2*b + 0*b + 3*b + 3. What is the tens digit of q(9)?
1
Suppose -37*b + 34*b = -2532. What is the tens digit of b?
4
Let m = -719 + 2937. What is the units digit of m?
8
Suppose -5*r = 9*z - 8*z - 463, -r - 1405 = -3*z. What is the hundreds digit of z?
4
Suppose -3*i = 4*v - 645 - 1058, -3*i = -5*v + 2095. What is the tens digit of v?
2
Let i = 142 - 120. Let l = -30 - -88. Suppose i = 4*r - l. What is the tens digit of r?
2
Suppose 5*v = 40 - 0. Suppose 4*o + 0*o - v = 0. What is the tens digit of ((-40)/15